{"id":10,"date":"2013-06-19T20:29:15","date_gmt":"2013-06-19T20:29:15","guid":{"rendered":"https:\/\/drlawyer.com\/espanol\/?page_id=10"},"modified":"2020-04-21T18:05:01","modified_gmt":"2020-04-21T18:05:01","slug":"contacto","status":"publish","type":"page","link":"https:\/\/drlawyer.com\/espanol\/contacto\/","title":{"rendered":"Contacto"},"content":{"rendered":"<p>Le agradecemos su inter\u00e9s en nuestros servicios. Si desea consultarnos, por favor, rellene el formulario que se encuentra debajo con sus datos personales y env\u00edenos sus preguntas. Le contestaremos lo m\u00e1s pronto posible. Para obtener informaci\u00f3n de contacto de nuestras siete oficinas, por favor haga clic <a href=\"https:\/\/drlawyer.com\/espanol\/oficinas\/\" target=\"_blank\" rel=\"noopener noreferrer\">aqui.<\/a><\/p>\n","protected":false},"excerpt":{"rendered":"<p>Le agradecemos su inter\u00e9s en nuestros servicios. Si desea consultarnos, por favor, rellene el formulario que se encuentra debajo con sus datos personales y env\u00edenos&hellip;<\/p>\n","protected":false},"author":2,"featured_media":11573,"parent":0,"menu_order":5,"comment_status":"open","ping_status":"closed","template":"","meta":[],"yoast_head":"<!-- This site is optimized with the Yoast SEO plugin v17.0 - https:\/\/yoast.com\/wordpress\/plugins\/seo\/ -->\n<title>Contact Guzm\u00e1n Ariza, the Dominican Republic Law Firm<\/title>\n<meta name=\"description\" content=\"Contact information on Guzm\u00e1n Ariza&#039;s 8 offices in the Dominican Republic (Santo Domingo, Punta Cana, La Romana, Sos\u00faa, Cabrera, Las Terrenas, Saman\u00e1, SFM).\" \/>\n<meta name=\"robots\" content=\"noindex, follow\" \/>\n<meta property=\"og:locale\" content=\"es_ES\" \/>\n<meta property=\"og:type\" content=\"article\" \/>\n<meta property=\"og:title\" content=\"Contact Guzm\u00e1n Ariza, the Dominican Republic Law Firm\" \/>\n<meta property=\"og:description\" content=\"Contact information on Guzm\u00e1n Ariza&#039;s 8 offices in the Dominican Republic (Santo Domingo, Punta Cana, La Romana, Sos\u00faa, Cabrera, Las Terrenas, Saman\u00e1, SFM).\" \/>\n<meta property=\"og:url\" content=\"https:\/\/drlawyer.com\/espanol\/contacto\/\" \/>\n<meta property=\"og:site_name\" content=\"Guzm\u00e1n Ariza | La Mejor Firma de Abogados en la Rep\u00fablica Dominicana\" \/>\n<meta property=\"article:modified_time\" content=\"2020-04-21T18:05:01+00:00\" \/>\n<meta property=\"og:image\" content=\"https:\/\/drlawyer.com\/espanol\/wp-content\/uploads\/2019\/07\/servicio-al-cliente-guzman-ariza.jpg\" \/>\n\t<meta property=\"og:image:width\" content=\"1600\" \/>\n\t<meta property=\"og:image:height\" content=\"773\" \/>\n<script type=\"application\/ld+json\" class=\"yoast-schema-graph\">{\"@context\":\"https:\/\/schema.org\",\"@graph\":[{\"@type\":\"WebSite\",\"@id\":\"https:\/\/drlawyer.com\/espanol\/#website\",\"url\":\"https:\/\/drlawyer.com\/espanol\/\",\"name\":\"Guzm\\u00e1n Ariza | La Mejor Firma de Abogados en la Rep\\u00fablica Dominicana\",\"description\":\"Guzm\\u00e1n Ariza es una firma de abogados, reconocida internacionalmente, que provee asesoramiento de calidad en todas las \\u00e1reas del derecho a clientes nacionales e internacionales en la Rep\\u00fablica Dominicana.\",\"potentialAction\":[{\"@type\":\"SearchAction\",\"target\":{\"@type\":\"EntryPoint\",\"urlTemplate\":\"https:\/\/drlawyer.com\/espanol\/?s={search_term_string}\"},\"query-input\":\"required name=search_term_string\"}],\"inLanguage\":\"es\"},{\"@type\":\"ImageObject\",\"@id\":\"https:\/\/drlawyer.com\/espanol\/contacto\/#primaryimage\",\"inLanguage\":\"es\",\"url\":\"https:\/\/drlawyer.com\/espanol\/wp-content\/uploads\/2019\/07\/servicio-al-cliente-guzman-ariza.jpg\",\"contentUrl\":\"https:\/\/drlawyer.com\/espanol\/wp-content\/uploads\/2019\/07\/servicio-al-cliente-guzman-ariza.jpg\",\"width\":1600,\"height\":773},{\"@type\":\"WebPage\",\"@id\":\"https:\/\/drlawyer.com\/espanol\/contacto\/#webpage\",\"url\":\"https:\/\/drlawyer.com\/espanol\/contacto\/\",\"name\":\"Contact Guzm\\u00e1n Ariza, the Dominican Republic Law Firm\",\"isPartOf\":{\"@id\":\"https:\/\/drlawyer.com\/espanol\/#website\"},\"primaryImageOfPage\":{\"@id\":\"https:\/\/drlawyer.com\/espanol\/contacto\/#primaryimage\"},\"datePublished\":\"2013-06-19T20:29:15+00:00\",\"dateModified\":\"2020-04-21T18:05:01+00:00\",\"description\":\"Contact information on Guzm\\u00e1n Ariza's 8 offices in the Dominican Republic (Santo Domingo, Punta Cana, La Romana, Sos\\u00faa, Cabrera, Las Terrenas, Saman\\u00e1, SFM).\",\"breadcrumb\":{\"@id\":\"https:\/\/drlawyer.com\/espanol\/contacto\/#breadcrumb\"},\"inLanguage\":\"es\",\"potentialAction\":[{\"@type\":\"ReadAction\",\"target\":[\"https:\/\/drlawyer.com\/espanol\/contacto\/\"]}]},{\"@type\":\"BreadcrumbList\",\"@id\":\"https:\/\/drlawyer.com\/espanol\/contacto\/#breadcrumb\",\"itemListElement\":[{\"@type\":\"ListItem\",\"position\":1,\"name\":\"Home\",\"item\":\"https:\/\/drlawyer.com\/espanol\/\"},{\"@type\":\"ListItem\",\"position\":2,\"name\":\"Contacto\"}]}]}<\/script>\n<!-- \/ Yoast SEO plugin. -->","yoast_head_json":{"title":"Contact Guzm\u00e1n Ariza, the Dominican Republic Law Firm","description":"Contact information on Guzm\u00e1n Ariza's 8 offices in the Dominican Republic (Santo Domingo, Punta Cana, La Romana, Sos\u00faa, Cabrera, Las Terrenas, Saman\u00e1, SFM).","robots":{"index":"noindex","follow":"follow"},"og_locale":"es_ES","og_type":"article","og_title":"Contact Guzm\u00e1n Ariza, the Dominican Republic Law Firm","og_description":"Contact information on Guzm\u00e1n Ariza's 8 offices in the Dominican Republic (Santo Domingo, Punta Cana, La Romana, Sos\u00faa, Cabrera, Las Terrenas, Saman\u00e1, SFM).","og_url":"https:\/\/drlawyer.com\/espanol\/contacto\/","og_site_name":"Guzm\u00e1n Ariza | La Mejor Firma de Abogados en la Rep\u00fablica Dominicana","article_modified_time":"2020-04-21T18:05:01+00:00","og_image":[{"width":1600,"height":773,"url":"https:\/\/drlawyer.com\/espanol\/wp-content\/uploads\/2019\/07\/servicio-al-cliente-guzman-ariza.jpg","path":"\/home\/lawyer\/public_html\/espanol\/wp-content\/uploads\/2019\/07\/servicio-al-cliente-guzman-ariza.jpg","size":"full","id":"11573","alt":"","pixels":1236800,"type":"image\/jpeg"}],"schema":{"@context":"https:\/\/schema.org","@graph":[{"@type":"WebSite","@id":"https:\/\/drlawyer.com\/espanol\/#website","url":"https:\/\/drlawyer.com\/espanol\/","name":"Guzm\u00e1n Ariza | La Mejor Firma de Abogados en la Rep\u00fablica Dominicana","description":"Guzm\u00e1n Ariza es una firma de abogados, reconocida internacionalmente, que provee asesoramiento de calidad en todas las \u00e1reas del derecho a clientes nacionales e internacionales en la Rep\u00fablica Dominicana.","potentialAction":[{"@type":"SearchAction","target":{"@type":"EntryPoint","urlTemplate":"https:\/\/drlawyer.com\/espanol\/?s={search_term_string}"},"query-input":"required name=search_term_string"}],"inLanguage":"es"},{"@type":"ImageObject","@id":"https:\/\/drlawyer.com\/espanol\/contacto\/#primaryimage","inLanguage":"es","url":"https:\/\/drlawyer.com\/espanol\/wp-content\/uploads\/2019\/07\/servicio-al-cliente-guzman-ariza.jpg","contentUrl":"https:\/\/drlawyer.com\/espanol\/wp-content\/uploads\/2019\/07\/servicio-al-cliente-guzman-ariza.jpg","width":1600,"height":773},{"@type":"WebPage","@id":"https:\/\/drlawyer.com\/espanol\/contacto\/#webpage","url":"https:\/\/drlawyer.com\/espanol\/contacto\/","name":"Contact Guzm\u00e1n Ariza, the Dominican Republic Law Firm","isPartOf":{"@id":"https:\/\/drlawyer.com\/espanol\/#website"},"primaryImageOfPage":{"@id":"https:\/\/drlawyer.com\/espanol\/contacto\/#primaryimage"},"datePublished":"2013-06-19T20:29:15+00:00","dateModified":"2020-04-21T18:05:01+00:00","description":"Contact information on Guzm\u00e1n Ariza's 8 offices in the Dominican Republic (Santo Domingo, Punta Cana, La Romana, Sos\u00faa, Cabrera, Las Terrenas, Saman\u00e1, SFM).","breadcrumb":{"@id":"https:\/\/drlawyer.com\/espanol\/contacto\/#breadcrumb"},"inLanguage":"es","potentialAction":[{"@type":"ReadAction","target":["https:\/\/drlawyer.com\/espanol\/contacto\/"]}]},{"@type":"BreadcrumbList","@id":"https:\/\/drlawyer.com\/espanol\/contacto\/#breadcrumb","itemListElement":[{"@type":"ListItem","position":1,"name":"Home","item":"https:\/\/drlawyer.com\/espanol\/"},{"@type":"ListItem","position":2,"name":"Contacto"}]}]}},"_links":{"self":[{"href":"https:\/\/drlawyer.com\/espanol\/wp-json\/wp\/v2\/pages\/10"}],"collection":[{"href":"https:\/\/drlawyer.com\/espanol\/wp-json\/wp\/v2\/pages"}],"about":[{"href":"https:\/\/drlawyer.com\/espanol\/wp-json\/wp\/v2\/types\/page"}],"author":[{"embeddable":true,"href":"https:\/\/drlawyer.com\/espanol\/wp-json\/wp\/v2\/users\/2"}],"replies":[{"embeddable":true,"href":"https:\/\/drlawyer.com\/espanol\/wp-json\/wp\/v2\/comments?post=10"}],"version-history":[{"count":31,"href":"https:\/\/drlawyer.com\/espanol\/wp-json\/wp\/v2\/pages\/10\/revisions"}],"predecessor-version":[{"id":12530,"href":"https:\/\/drlawyer.com\/espanol\/wp-json\/wp\/v2\/pages\/10\/revisions\/12530"}],"wp:featuredmedia":[{"embeddable":true,"href":"https:\/\/drlawyer.com\/espanol\/wp-json\/wp\/v2\/media\/11573"}],"wp:attachment":[{"href":"https:\/\/drlawyer.com\/espanol\/wp-json\/wp\/v2\/media?parent=10"}],"curies":[{"name":"wp","href":"https:\/\/api.w.org\/{rel}","templated":true}]}}