{"id":4697,"date":"2014-12-01T20:33:22","date_gmt":"2014-12-01T20:33:22","guid":{"rendered":"https:\/\/drlawyer.com\/espanol\/?page_id=4697"},"modified":"2025-05-22T21:32:07","modified_gmt":"2025-05-22T21:32:07","slug":"guzman-ariza-y-la-comunidad","status":"publish","type":"page","link":"https:\/\/drlawyer.com\/espanol\/guzman-ariza-y-la-comunidad\/","title":{"rendered":"RESPONSABILIDAD SOCIAL"},"content":{"rendered":"<div id=\"pghead\"><\/div>\n<p style=\"text-align: justify;\"><img loading=\"lazy\" class=\"aligncenter wp-image-6645 size-full\" src=\"https:\/\/drlawyer.com\/espanol\/wp-content\/uploads\/2014\/12\/DreamProject.jpeg\" sizes=\"(max-width: 960px) 100vw, 960px\" srcset=\"https:\/\/drlawyer.com\/espanol\/wp-content\/uploads\/2014\/12\/DreamProject.jpeg 960w, https:\/\/drlawyer.com\/espanol\/wp-content\/uploads\/2014\/12\/DreamProject-300x106.jpeg 300w, https:\/\/drlawyer.com\/espanol\/wp-content\/uploads\/2014\/12\/DreamProject-768x270.jpeg 768w, https:\/\/drlawyer.com\/espanol\/wp-content\/uploads\/2014\/12\/DreamProject-705x248.jpeg 705w, https:\/\/drlawyer.com\/espanol\/wp-content\/uploads\/2014\/12\/DreamProject-450x158.jpeg 450w\" alt=\"DreamProject\" width=\"960\" height=\"338\" \/><\/p>\n<p>Guzm\u00e1n Ariza siempre ha demostrado un firme compromiso con las comunidades de las que forma parte, colaborando activamente con diversas fundaciones y organizaciones sin fines de lucro para mejorar la calidad de vida, la educaci\u00f3n, la salud y la sostenibilidad ambiental en estas comunidades.<\/p>\n<p class=\"p1\"><b>DESARROLLO COMUNITARIO<\/b><\/p>\n<p class=\"p2\"><b>Asociaci\u00f3n Dominicana de Rehabilitaci\u00f3n<\/b><\/p>\n<p class=\"p1\"><a href=\"http:\/\/www.rehabilitacion.org.do\" target=\"_blank\" rel=\"noopener\">www.rehabilitacion.org.do<\/a><\/p>\n<p class=\"p3\">La Asociaci\u00f3n Dominicana de Rehabilitaci\u00f3n ofrece servicios integrales de rehabilitaci\u00f3n a personas con discapacidades f\u00edsicas o intelectuales, sin importar su condici\u00f3n socioecon\u00f3mica. Sus servicios se distinguen por est\u00e1ndares \u00e9ticos, calidad e innovaci\u00f3n, brindados por personal especializado en un entorno acogedor.<\/p>\n<p class=\"p3\">Nuestro socio Julio Brea Guzm\u00e1n es presidente de la asociaci\u00f3n en Sos\u00faa.<\/p>\n<p class=\"p2\"><b>Fundaci\u00f3n Mahatma Gandhi<\/b><\/p>\n<p class=\"p1\"><a href=\"https:\/\/www.facebook.com\/profile.php?id=100064596853248#\" target=\"_blank\" rel=\"noopener\">www.facebook.com\/profile.php?id=100064596853248#<\/a><\/p>\n<p class=\"p3\">La Fundaci\u00f3n Mahatma Gandhi es una destacada organizaci\u00f3n sin fines de lucro comprometida con la promoci\u00f3n de la no violencia, el liderazgo y el desarrollo comunitario a trav\u00e9s de iniciativas educativas y proyectos colaborativos. Su misi\u00f3n es cultivar una generaci\u00f3n de ciudadanos \u00e9ticos, multiculturales y dedicados.<\/p>\n<p class=\"p3\">Nuestra oficina en Las Terrenas apoya con donaciones a la organizaci\u00f3n, y colabora en las actividades que esta organiza.<\/p>\n<p class=\"p2\"><b>Fundaci\u00f3n Sonrisas Saman\u00e1\/Saman\u00e1 Smiles<\/b><\/p>\n<p class=\"p1\"><a href=\"http:\/\/www.samanasmiles.org\" target=\"_blank\" rel=\"noopener\">www.samanasmiles.org <\/a><\/p>\n<p class=\"p3\">La Fundaci\u00f3n Sonrisas Saman\u00e1 se dedica a proporcionar atenci\u00f3n m\u00e9dica urgente y vital a j\u00f3venes de la pen\u00ednsula de Saman\u00e1 con recursos limitados. Coordinan apoyo oportuno a trav\u00e9s de una red de proveedores de salud, patrocinadores y voluntarios.<\/p>\n<p class=\"p3\">Nuestras oficinas en Saman\u00e1 contribuyen con donaciones para el desarrollo de las actividades de esta Fundaci\u00f3n.<\/p>\n<p class=\"p2\"><b>Patronato Ben\u00e9fico Oriental (PBO)<\/b><\/p>\n<p class=\"p1\"><a href=\"http:\/\/www.pbo.org.do\" target=\"_blank\" rel=\"noopener\">www.pbo.org.do<\/a><\/p>\n<p class=\"p3\">El Patronato Ben\u00e9fico Oriental (PBO) es una prestigiosa organizaci\u00f3n sin fines de lucro dedicada a la educaci\u00f3n, salud y bienestar de ni\u00f1os y j\u00f3venes vulnerables en la regi\u00f3n Este de la Rep\u00fablica Dominicana (La Romana y Punta Cana). Sus programas abarcan nutrici\u00f3n, atenci\u00f3n m\u00e9dica y dental, apoyo psicol\u00f3gico y actividades extracurriculares.<\/p>\n<p class=\"p3\">Nuestra oficina en B\u00e1varo contribuye con apoyo financiero y log\u00edstico para fortalecer su impacto en la comunidad.<\/p>\n<p class=\"p2\"><b>Fundaci\u00f3n Mariposa\/The Mariposa DR Foundation<\/b><\/p>\n<p class=\"p1\"><a href=\"http:\/\/www.mariposadrfoundation.org\" target=\"_blank\" rel=\"noopener\">www.mariposadrfoundation.org<\/a><\/p>\n<p class=\"p3\">La Fundaci\u00f3n Mariposa DR es una reconocida organizaci\u00f3n sin fines de lucro con sede en Cabarete, Rep\u00fablica Dominicana, enfocada en erradicar la pobreza generacional mediante la educaci\u00f3n y el empoderamiento de las ni\u00f1as. Ofrecen tutor\u00eda acad\u00e9mica, capacitaci\u00f3n en habilidades laborales y de vida, y atenci\u00f3n de salud y bienestar.<\/p>\n<p class=\"p3\">La licenciada Milagros de la Cruz, abogada de la firma, es miembro de su consejo de directores.<\/p>\n<p class=\"p1\"><b>EDUCACI\u00d3N Y CULTURA<\/b><\/p>\n<p class=\"p2\"><b>Fundaci\u00f3n Guzm\u00e1n Ariza Pro-Academia de la Lengua<\/b><\/p>\n<p class=\"p1\"><a href=\"https:\/\/academia.org.do\/patrocinio\/\" target=\"_blank\" rel=\"noopener\">www.academia.org.do\/patrocinio\/<\/a><\/p>\n<p class=\"p3\">La Fundaci\u00f3n Guzm\u00e1n Ariza Pro-Academia de la Lengua fue fundada en 2009 por Fabio J. Guzm\u00e1n Ariza, para patrocinar las actividades de la Academia Dominicana de la Lengua y aboga por el uso adecuado del espa\u00f1ol en el \u00e1mbito jur\u00eddico y en los medios de comunicaci\u00f3n de la Rep\u00fablica Dominicana.<\/p>\n<p class=\"p3\">En 2013, la Fundaci\u00f3n financi\u00f3 la publicaci\u00f3n del primer diccionario integral del espa\u00f1ol dominicano (Diccionario del espa\u00f1ol dominicano), y, en 2016, la del primer diccionario de frases dominicanas (Diccionario fraseol\u00f3gico del espa\u00f1ol dominicano). La Fundaci\u00f3n tambi\u00e9n ha colaborado con la Suprema Corte de Justicia de la Rep\u00fablica Dominicana y el Tribunal Constitucional en la promoci\u00f3n de mejores pr\u00e1cticas en la redacci\u00f3n legal.<\/p>\n<p class=\"p3\">En julio de 2016, la Fundaci\u00f3n abri\u00f3 el primer cap\u00edtulo en las Am\u00e9ricas de la Fundaci\u00f3n del Espa\u00f1ol Urgente (Fund\u00e9u Guzm\u00e1n Ariza) para fomentar el uso correcto del espa\u00f1ol en los medios de comunicaci\u00f3n.<\/p>\n<p class=\"p2\"><b>Instituto Guzm\u00e1n Ariza de Lexicograf\u00eda (IGALEX)<\/b><\/p>\n<p class=\"p1\"><a href=\"http:\/\/www.igalex.org\" target=\"_blank\" rel=\"noopener\">www.igalex.org<\/a><\/p>\n<p class=\"p3\">El Instituto Guzm\u00e1n Ariza de Lexicograf\u00eda (IGALEX) es una instituci\u00f3n sin fines de lucro dedicada a la investigaci\u00f3n lexicogr\u00e1fica del espa\u00f1ol en sus variedades dominicana, antillana, americana y general. Su objetivo es dise\u00f1ar y construir obras lexicogr\u00e1ficas que reflejen con precisi\u00f3n la realidad ling\u00fc\u00edstica del espa\u00f1ol.<span class=\"s1\"><br \/>\n<\/span><\/p>\n<p class=\"p2\"><b>The DREAM Project<\/b><\/p>\n<p class=\"p1\"><a href=\"http:\/\/www.dominicandream.org\" target=\"_blank\" rel=\"noopener\">www.dominicandream.org<\/a><\/p>\n<p class=\"p3\">El Proyecto DREAM ofrece programas de alfabetizaci\u00f3n, educaci\u00f3n infantil temprana, liderazgo juvenil y comunitarios para garantizar que los ni\u00f1os y j\u00f3venes en las comunidades participantes tengan acceso a los recursos esenciales. Su misi\u00f3n es romper el ciclo de la pobreza mediante la educaci\u00f3n y el empoderamiento.<\/p>\n<p class=\"p3\">Desde 2004, Guzm\u00e1n Ariza ha patrocinado el Campamento de Verano Dream Guzm\u00e1n Ariza, en el que cada a\u00f1o cientos de ni\u00f1os disfrutan de un programa concebido para educar a ni\u00f1os y adolescentes con edades entre 10 y 17 a\u00f1os, ofreci\u00e9ndoles orientaci\u00f3n acad\u00e9mica individualizada, actividades extracurriculares y actividades educativas alternativas.<\/p>\n<p class=\"p1\"><b>MEDIOAMBIENTE<\/b><\/p>\n<p style=\"font-weight: 400;\"><strong>Orquideario Vivian Salad\u00edn de Guzm\u00e1n<\/strong><\/p>\n<p style=\"font-weight: 400;\"><a href=\"http:\/\/www.botanicodesantiago.com\/orquideario\" target=\"_blank\" rel=\"noopener\" data-saferedirecturl=\"https:\/\/www.google.com\/url?q=http:\/\/www.botanicodesantiago.com\/orquideario&amp;source=gmail&amp;ust=1748008281337000&amp;usg=AOvVaw1-c2DKdHFoNcHri4eFQgyj\">www.botanicodesantiago.com\/orquideario<\/a><\/p>\n<p style=\"font-weight: 400;\">El Orquideario Vivian Salad\u00edn de Guzm\u00e1n es una iniciativa patrocinada por Guzm\u00e1n Ariza, en colaboraci\u00f3n con el Jard\u00edn Bot\u00e1nico de Santiago. Este nuevo espacio enriquece la oferta ecol\u00f3gica y educativa del jard\u00edn, representa un aporte tangible a la conservaci\u00f3n de especies nativas y ex\u00f3ticas, as\u00ed como al fomento del conocimiento ambiental entre las nuevas generaciones. Nuestra inversi\u00f3n en este orquideario es m\u00e1s que un gesto simb\u00f3lico: es una apuesta decidida por la biodiversidad, la cultura natural del pa\u00eds y el desarrollo sostenible de nuestro entorno.<\/p>\n<p class=\"p2\"><b>Fundaci\u00f3n Vida Azul<\/b><\/p>\n<p class=\"p1\"><a href=\"http:\/\/www.vidaazul.org\" target=\"_blank\" rel=\"noopener\">www.vidaazul.org<\/a><\/p>\n<p class=\"p4\">La Fundaci\u00f3n Vida Azul es un movimiento de protecci\u00f3n ambiental que empodera a las comunidades para liderar iniciativas de conservaci\u00f3n de ecosistemas costeros y marinos. Organizan limpiezas de playas, actividades educativas y abogan por cambios ambientales significativos.<\/p>\n<p class=\"p3\">Guzm\u00e1n Ariza participa activamente en sus jornadas de limpieza de costas.<\/p>\n<p class=\"p1\"><b>PROTECCI\u00d3N INFANTIL<\/b><\/p>\n<p class=\"p2\"><b>Fundaci\u00f3n Casa Ni\u00f1os Felices<\/b><\/p>\n<p class=\"p1\"><a href=\"http:\/\/www.instagram.com\/fundacioncasaninosfelices\" target=\"_blank\" rel=\"noopener\">www.instagram.com\/fundacioncasaninosfelices<\/a><\/p>\n<p class=\"p3\">La Fundaci\u00f3n Casa Ni\u00f1os Felices es una organizaci\u00f3n sin fines de lucro que proporciona un hogar y educaci\u00f3n a ni\u00f1os hu\u00e9rfanos en Sos\u00faa, Rep\u00fablica Dominicana. Su misi\u00f3n es ofrecer un futuro m\u00e1s prometedor a los ni\u00f1os mediante apoyo econ\u00f3mico y seguro de vida.<\/p>\n<p class=\"p1\">Nuestra oficina en Sos\u00faa apoya con donaciones y participa en sus actividades de recaudaci\u00f3n.<\/p>\n<p class=\"p2\"><b>Fundaci\u00f3n Ni\u00f1os de la Luz<\/b><\/p>\n<p class=\"p1\"><a href=\"http:\/\/www.ninosdelaluz.org\" target=\"_blank\" rel=\"noopener\">www.ninosdelaluz.org<\/a><\/p>\n<p class=\"p3\">La Fundaci\u00f3n Ni\u00f1os de la Luz se dedica a rescatar y rehabilitar a ni\u00f1os de la calle en la Rep\u00fablica Dominicana. Proporcionan refugio, educaci\u00f3n y apoyo emocional para facilitar la reintegraci\u00f3n de estos ni\u00f1os en la sociedad.<\/p>\n<p class=\"p3\">Nuestra oficina en Sos\u00faa colabora con donaciones y voluntariado para apoyar la reintegraci\u00f3n social de los ni\u00f1os.<\/p>\n<p class=\"p2\"><b>Voluntariado Jes\u00fas con los Ni\u00f1os<\/b><\/p>\n<p class=\"p1\"><a href=\"http:\/\/www.vjcn.org\" target=\"_blank\" rel=\"noopener\">www.vjcn.org<\/a><\/p>\n<p class=\"p3\">El Voluntariado Jes\u00fas con los Ni\u00f1os es una organizaci\u00f3n de voluntarios que apoya a ni\u00f1os hospitalizados en la Rep\u00fablica Dominicana. Ofrecen apoyo emocional y espiritual, con el objetivo de mejorar la experiencia hospitalaria de los ni\u00f1os.<\/p>\n<p class=\"p3\">Guzm\u00e1n Ariza participa a trav\u00e9s de donaciones para ayudar al voluntariado a llevar a cabo su misi\u00f3n.<\/p>\n<p class=\"p1\"><b>DEPORTES<\/b><\/p>\n<p class=\"p2\"><b>Federaci\u00f3n Dominicana de Boxeo (FEDOBOXA)<\/b><\/p>\n<p class=\"p1\"><a href=\"http:\/\/www.fedoboxa.org\" target=\"_blank\" rel=\"noopener\">www.fedoboxa.org<\/a><\/p>\n<p class=\"p3\">La Federaci\u00f3n Dominicana de Boxeo (FEDOBOXA) es el organismo rector del boxeo en la Rep\u00fablica Dominicana. Organizan eventos de boxeo nacionales e internacionales, promueven el deporte y apoyan el desarrollo de los atletas.<\/p>\n<p class=\"p3\">Nuestro socio Rub\u00e9n Garc\u00eda Bonilla es presidente de la Federaci\u00f3n donde, desde hace d\u00e9cadas, contribuye desinteresadamente con el entrenamiento de j\u00f3venes promesas del boxeo.<\/p>\n","protected":false},"excerpt":{"rendered":"<p>Guzm\u00e1n Ariza siempre ha demostrado un firme compromiso con las comunidades de las que forma parte, colaborando activamente con diversas fundaciones y organizaciones sin fines&hellip;<\/p>\n","protected":false},"author":2,"featured_media":0,"parent":0,"menu_order":0,"comment_status":"closed","ping_status":"closed","template":"","meta":[],"yoast_head":"<!-- This site is optimized with the Yoast SEO plugin v17.0 - https:\/\/yoast.com\/wordpress\/plugins\/seo\/ -->\n<title>Guzm\u00e1n Ariza | La Mejor Firma de Abogados en la Rep\u00fablica Dominicana<\/title>\n<meta name=\"robots\" content=\"noindex, follow\" \/>\n<meta property=\"og:locale\" content=\"es_ES\" \/>\n<meta property=\"og:type\" content=\"article\" \/>\n<meta property=\"og:title\" content=\"Guzm\u00e1n Ariza | La Mejor Firma de Abogados en la Rep\u00fablica Dominicana\" \/>\n<meta property=\"og:description\" content=\"Guzm\u00e1n Ariza siempre ha demostrado un firme compromiso con las comunidades de las que forma parte, colaborando activamente con diversas fundaciones y organizaciones sin fines&hellip;\" \/>\n<meta property=\"og:url\" content=\"https:\/\/drlawyer.com\/espanol\/guzman-ariza-y-la-comunidad\/\" \/>\n<meta property=\"og:site_name\" content=\"Guzm\u00e1n Ariza | La Mejor Firma de Abogados en la Rep\u00fablica Dominicana\" \/>\n<meta property=\"article:modified_time\" content=\"2025-05-22T21:32:07+00:00\" \/>\n<meta property=\"og:image\" content=\"https:\/\/drlawyer.com\/espanol\/wp-content\/uploads\/2014\/12\/DreamProject.jpeg\" \/>\n<meta name=\"twitter:label1\" content=\"Tiempo de lectura\" \/>\n\t<meta name=\"twitter:data1\" content=\"6 minutos\" \/>\n<script type=\"application\/ld+json\" class=\"yoast-schema-graph\">{\"@context\":\"https:\/\/schema.org\",\"@graph\":[{\"@type\":\"WebSite\",\"@id\":\"https:\/\/drlawyer.com\/espanol\/#website\",\"url\":\"https:\/\/drlawyer.com\/espanol\/\",\"name\":\"Guzm\\u00e1n Ariza | La Mejor Firma de Abogados en la Rep\\u00fablica Dominicana\",\"description\":\"Guzm\\u00e1n Ariza es una firma de abogados, reconocida internacionalmente, que provee asesoramiento de calidad en todas las \\u00e1reas del derecho a clientes nacionales e internacionales en la Rep\\u00fablica Dominicana.\",\"potentialAction\":[{\"@type\":\"SearchAction\",\"target\":{\"@type\":\"EntryPoint\",\"urlTemplate\":\"https:\/\/drlawyer.com\/espanol\/?s={search_term_string}\"},\"query-input\":\"required name=search_term_string\"}],\"inLanguage\":\"es\"},{\"@type\":\"ImageObject\",\"@id\":\"https:\/\/drlawyer.com\/espanol\/guzman-ariza-y-la-comunidad\/#primaryimage\",\"inLanguage\":\"es\",\"url\":\"https:\/\/drlawyer.com\/espanol\/wp-content\/uploads\/2014\/12\/DreamProject.jpeg\",\"contentUrl\":\"https:\/\/drlawyer.com\/espanol\/wp-content\/uploads\/2014\/12\/DreamProject.jpeg\",\"width\":960,\"height\":338},{\"@type\":\"WebPage\",\"@id\":\"https:\/\/drlawyer.com\/espanol\/guzman-ariza-y-la-comunidad\/#webpage\",\"url\":\"https:\/\/drlawyer.com\/espanol\/guzman-ariza-y-la-comunidad\/\",\"name\":\"Guzm\\u00e1n Ariza | La Mejor Firma de Abogados en la Rep\\u00fablica Dominicana\",\"isPartOf\":{\"@id\":\"https:\/\/drlawyer.com\/espanol\/#website\"},\"primaryImageOfPage\":{\"@id\":\"https:\/\/drlawyer.com\/espanol\/guzman-ariza-y-la-comunidad\/#primaryimage\"},\"datePublished\":\"2014-12-01T20:33:22+00:00\",\"dateModified\":\"2025-05-22T21:32:07+00:00\",\"breadcrumb\":{\"@id\":\"https:\/\/drlawyer.com\/espanol\/guzman-ariza-y-la-comunidad\/#breadcrumb\"},\"inLanguage\":\"es\",\"potentialAction\":[{\"@type\":\"ReadAction\",\"target\":[\"https:\/\/drlawyer.com\/espanol\/guzman-ariza-y-la-comunidad\/\"]}]},{\"@type\":\"BreadcrumbList\",\"@id\":\"https:\/\/drlawyer.com\/espanol\/guzman-ariza-y-la-comunidad\/#breadcrumb\",\"itemListElement\":[{\"@type\":\"ListItem\",\"position\":1,\"name\":\"Home\",\"item\":\"https:\/\/drlawyer.com\/espanol\/\"},{\"@type\":\"ListItem\",\"position\":2,\"name\":\"RESPONSABILIDAD SOCIAL\"}]}]}<\/script>\n<!-- \/ Yoast SEO plugin. -->","yoast_head_json":{"title":"Guzm\u00e1n Ariza | La Mejor Firma de Abogados en la Rep\u00fablica Dominicana","robots":{"index":"noindex","follow":"follow"},"og_locale":"es_ES","og_type":"article","og_title":"Guzm\u00e1n Ariza | La Mejor Firma de Abogados en la Rep\u00fablica Dominicana","og_description":"Guzm\u00e1n Ariza siempre ha demostrado un firme compromiso con las comunidades de las que forma parte, colaborando activamente con diversas fundaciones y organizaciones sin fines&hellip;","og_url":"https:\/\/drlawyer.com\/espanol\/guzman-ariza-y-la-comunidad\/","og_site_name":"Guzm\u00e1n Ariza | La Mejor Firma de Abogados en la Rep\u00fablica Dominicana","article_modified_time":"2025-05-22T21:32:07+00:00","og_image":[{"url":"https:\/\/drlawyer.com\/espanol\/wp-content\/uploads\/2014\/12\/DreamProject.jpeg"}],"twitter_misc":{"Tiempo de lectura":"6 minutos"},"schema":{"@context":"https:\/\/schema.org","@graph":[{"@type":"WebSite","@id":"https:\/\/drlawyer.com\/espanol\/#website","url":"https:\/\/drlawyer.com\/espanol\/","name":"Guzm\u00e1n Ariza | La Mejor Firma de Abogados en la Rep\u00fablica Dominicana","description":"Guzm\u00e1n Ariza es una firma de abogados, reconocida internacionalmente, que provee asesoramiento de calidad en todas las \u00e1reas del derecho a clientes nacionales e internacionales en la Rep\u00fablica Dominicana.","potentialAction":[{"@type":"SearchAction","target":{"@type":"EntryPoint","urlTemplate":"https:\/\/drlawyer.com\/espanol\/?s={search_term_string}"},"query-input":"required name=search_term_string"}],"inLanguage":"es"},{"@type":"ImageObject","@id":"https:\/\/drlawyer.com\/espanol\/guzman-ariza-y-la-comunidad\/#primaryimage","inLanguage":"es","url":"https:\/\/drlawyer.com\/espanol\/wp-content\/uploads\/2014\/12\/DreamProject.jpeg","contentUrl":"https:\/\/drlawyer.com\/espanol\/wp-content\/uploads\/2014\/12\/DreamProject.jpeg","width":960,"height":338},{"@type":"WebPage","@id":"https:\/\/drlawyer.com\/espanol\/guzman-ariza-y-la-comunidad\/#webpage","url":"https:\/\/drlawyer.com\/espanol\/guzman-ariza-y-la-comunidad\/","name":"Guzm\u00e1n Ariza | La Mejor Firma de Abogados en la Rep\u00fablica Dominicana","isPartOf":{"@id":"https:\/\/drlawyer.com\/espanol\/#website"},"primaryImageOfPage":{"@id":"https:\/\/drlawyer.com\/espanol\/guzman-ariza-y-la-comunidad\/#primaryimage"},"datePublished":"2014-12-01T20:33:22+00:00","dateModified":"2025-05-22T21:32:07+00:00","breadcrumb":{"@id":"https:\/\/drlawyer.com\/espanol\/guzman-ariza-y-la-comunidad\/#breadcrumb"},"inLanguage":"es","potentialAction":[{"@type":"ReadAction","target":["https:\/\/drlawyer.com\/espanol\/guzman-ariza-y-la-comunidad\/"]}]},{"@type":"BreadcrumbList","@id":"https:\/\/drlawyer.com\/espanol\/guzman-ariza-y-la-comunidad\/#breadcrumb","itemListElement":[{"@type":"ListItem","position":1,"name":"Home","item":"https:\/\/drlawyer.com\/espanol\/"},{"@type":"ListItem","position":2,"name":"RESPONSABILIDAD SOCIAL"}]}]}},"_links":{"self":[{"href":"https:\/\/drlawyer.com\/espanol\/wp-json\/wp\/v2\/pages\/4697"}],"collection":[{"href":"https:\/\/drlawyer.com\/espanol\/wp-json\/wp\/v2\/pages"}],"about":[{"href":"https:\/\/drlawyer.com\/espanol\/wp-json\/wp\/v2\/types\/page"}],"author":[{"embeddable":true,"href":"https:\/\/drlawyer.com\/espanol\/wp-json\/wp\/v2\/users\/2"}],"replies":[{"embeddable":true,"href":"https:\/\/drlawyer.com\/espanol\/wp-json\/wp\/v2\/comments?post=4697"}],"version-history":[{"count":57,"href":"https:\/\/drlawyer.com\/espanol\/wp-json\/wp\/v2\/pages\/4697\/revisions"}],"predecessor-version":[{"id":15519,"href":"https:\/\/drlawyer.com\/espanol\/wp-json\/wp\/v2\/pages\/4697\/revisions\/15519"}],"wp:attachment":[{"href":"https:\/\/drlawyer.com\/espanol\/wp-json\/wp\/v2\/media?parent=4697"}],"curies":[{"name":"wp","href":"https:\/\/api.w.org\/{rel}","templated":true}]}}